{"id":249,"date":"2018-07-30T15:14:49","date_gmt":"2018-07-30T13:14:09","guid":{"rendered":"https:\/\/www.empleo-info.eu\/?page_id=249"},"modified":"2018-10-22T14:57:55","modified_gmt":"2018-10-22T12:57:55","slug":"clusters","status":"publish","type":"page","link":"https:\/\/www.empleo-info.eu\/es\/estoy-buscando-trabajo\/la-realidad-laboral\/clusters\/","title":{"rendered":"Cl\u00fasteres transfronterizos"},"content":{"rendered":"<h1><strong>Los cl\u00fasteres transfronterizos: una baza<\/strong><\/h1>\n<p>Un cluster es un grupo de empresas interrelacionadas que trabajan en un mismo sector industrial y que colaboran estrat\u00e9gicamente para obtener beneficios comunes. Para el tejido de las empresas de un territorio, la cooperaci\u00f3n constituye una de las principales alternativas estrat\u00e9gicas.<\/p>\n<p>&nbsp;<\/p>\n","protected":false},"excerpt":{"rendered":"<p>Los cl\u00fasteres transfronterizos: una baza Un cluster es un grupo de empresas interrelacionadas que trabajan en un mismo sector industrial y que colaboran estrat\u00e9gicamente para [&hellip;]<\/p>\n","protected":false},"author":13,"featured_media":680,"parent":247,"menu_order":2,"comment_status":"closed","ping_status":"closed","template":"page-sticky_sidebar.php","meta":[],"class_list":["post-249","page","type-page","status-publish","has-post-thumbnail","hentry"],"_links":{"self":[{"href":"https:\/\/www.empleo-info.eu\/es\/wp-json\/wp\/v2\/pages\/249","targetHints":{"allow":["GET"]}}],"collection":[{"href":"https:\/\/www.empleo-info.eu\/es\/wp-json\/wp\/v2\/pages"}],"about":[{"href":"https:\/\/www.empleo-info.eu\/es\/wp-json\/wp\/v2\/types\/page"}],"author":[{"embeddable":true,"href":"https:\/\/www.empleo-info.eu\/es\/wp-json\/wp\/v2\/users\/13"}],"replies":[{"embeddable":true,"href":"https:\/\/www.empleo-info.eu\/es\/wp-json\/wp\/v2\/comments?post=249"}],"version-history":[{"count":0,"href":"https:\/\/www.empleo-info.eu\/es\/wp-json\/wp\/v2\/pages\/249\/revisions"}],"up":[{"embeddable":true,"href":"https:\/\/www.empleo-info.eu\/es\/wp-json\/wp\/v2\/pages\/247"}],"wp:featuredmedia":[{"embeddable":true,"href":"https:\/\/www.empleo-info.eu\/es\/wp-json\/wp\/v2\/media\/680"}],"wp:attachment":[{"href":"https:\/\/www.empleo-info.eu\/es\/wp-json\/wp\/v2\/media?parent=249"}],"curies":[{"name":"wp","href":"https:\/\/api.w.org\/{rel}","templated":true}]}}

Clústeres transfronterizos

<h1><strong>Los clústeres transfronterizos: una baza</strong></h1>
<p>Un cluster es un grupo de empresas interrelacionadas que trabajan en un mismo sector industrial y que colaboran estratégicamente para obtener beneficios comunes. Para el tejido de las empresas de un territorio, la cooperación constituye una de las principales alternativas estratégicas.</p>
<p>&nbsp;</p>

<p>Los clústeres transfronterizos: una baza Un cluster es un grupo de empresas interrelacionadas que trabajan en un mismo sector industrial y que colaboran estratégicamente para [&hellip;]</p>
